{"id":6257,"date":"2017-08-25T10:13:14","date_gmt":"2017-08-25T10:13:14","guid":{"rendered":"http:\/\/rc-contact.fr\/?page_id=6257"},"modified":"2017-08-25T10:24:30","modified_gmt":"2017-08-25T10:24:30","slug":"proto_yohann","status":"publish","type":"page","link":"http:\/\/rc-contact.fr\/?page_id=6257","title":{"rendered":"Le prototype de Yohann Rondeau"},"content":{"rendered":"<div id=\"pl-6257\"  class=\"panel-layout\" ><div id=\"pg-6257-0\"  class=\"panel-grid panel-no-style\" ><div id=\"pgc-6257-0-0\"  class=\"panel-grid-cell\" ><div id=\"panel-6257-0-0-0\" class=\"widget_text so-panel widget widget_custom_html panel-first-child\" data-index=\"0\" ><div class=\"textwidget custom-html-widget\"><div id=\"pl-4727\" class=\"panel-layout\">\n<div id=\"pg-4727-0\" class=\"panel-grid panel-no-style\">&nbsp;<\/div>\n<div id=\"pg-4727-1\" class=\"panel-grid panel-no-style\" data-style=\"{&quot;background_display&quot;:&quot;tile&quot;,&quot;cell_alignment&quot;:&quot;flex-start&quot;}\">\n\n\n\n<div class=\"ngg-galleryoverview ngg-slideshow\"\n\t id=\"ngg-slideshow-dc92aa4d4d3f17cde0acf2972af976f9-10487272960\"\n     data-gallery-id=\"dc92aa4d4d3f17cde0acf2972af976f9\"\n     style=\"max-width: 1280px; max-height: 960px;\">\n\n \t<div id=\"ngg-image-0\" class=\"ngg-gallery-slideshow-image\" style=\"height:960px\">\n\n        <a href=\"http:\/\/rc-contact.fr\/wp-content\/gallery\/proto_yohann\/proto_yohann1.jpg\"\n           title=\"\"\n           data-src=\"http:\/\/rc-contact.fr\/wp-content\/gallery\/proto_yohann\/proto_yohann1.jpg\"\n           data-thumbnail=\"http:\/\/rc-contact.fr\/wp-content\/gallery\/proto_yohann\/thumbs\/thumbs_proto_yohann1.jpg\"\n           data-image-id=\"336\"\n           data-title=\"proto_yohann1\"\n           data-description=\"\"\n           class=\"ngg-fancybox\" rel=\"dc92aa4d4d3f17cde0acf2972af976f9\">\n\n            <img data-image-id='336'\n                 title=\"\"\n                 alt=\"proto_yohann1\"\n                 src=\"http:\/\/rc-contact.fr\/wp-content\/gallery\/proto_yohann\/proto_yohann1.jpg\"\n                 style=\"max-height: 940px;\"\/>\n        <\/a>\n\n        <\/div> \n<div id=\"ngg-image-1\" class=\"ngg-gallery-slideshow-image\" style=\"height:960px\">\n\n        <a href=\"http:\/\/rc-contact.fr\/wp-content\/gallery\/proto_yohann\/proto_yohann2.jpg\"\n           title=\"\"\n           data-src=\"http:\/\/rc-contact.fr\/wp-content\/gallery\/proto_yohann\/proto_yohann2.jpg\"\n           data-thumbnail=\"http:\/\/rc-contact.fr\/wp-content\/gallery\/proto_yohann\/thumbs\/thumbs_proto_yohann2.jpg\"\n           data-image-id=\"337\"\n           data-title=\"proto_yohann2\"\n           data-description=\"\"\n           class=\"ngg-fancybox\" rel=\"dc92aa4d4d3f17cde0acf2972af976f9\">\n\n            <img data-image-id='337'\n                 title=\"\"\n                 alt=\"proto_yohann2\"\n                 src=\"http:\/\/rc-contact.fr\/wp-content\/gallery\/proto_yohann\/proto_yohann2.jpg\"\n                 style=\"max-height: 940px;\"\/>\n        <\/a>\n\n        <\/div> \n<div id=\"ngg-image-2\" class=\"ngg-gallery-slideshow-image\" style=\"height:960px\">\n\n        <a href=\"http:\/\/rc-contact.fr\/wp-content\/gallery\/proto_yohann\/proto_yohann3.jpg\"\n           title=\"\"\n           data-src=\"http:\/\/rc-contact.fr\/wp-content\/gallery\/proto_yohann\/proto_yohann3.jpg\"\n           data-thumbnail=\"http:\/\/rc-contact.fr\/wp-content\/gallery\/proto_yohann\/thumbs\/thumbs_proto_yohann3.jpg\"\n           data-image-id=\"338\"\n           data-title=\"proto_yohann3\"\n           data-description=\"\"\n           class=\"ngg-fancybox\" rel=\"dc92aa4d4d3f17cde0acf2972af976f9\">\n\n            <img data-image-id='338'\n                 title=\"\"\n                 alt=\"proto_yohann3\"\n                 src=\"http:\/\/rc-contact.fr\/wp-content\/gallery\/proto_yohann\/proto_yohann3.jpg\"\n                 style=\"max-height: 940px;\"\/>\n        <\/a>\n\n        <\/div> \n<div id=\"ngg-image-3\" class=\"ngg-gallery-slideshow-image\" style=\"height:960px\">\n\n        <a href=\"http:\/\/rc-contact.fr\/wp-content\/gallery\/proto_yohann\/proto_yohann4.jpg\"\n           title=\"\"\n           data-src=\"http:\/\/rc-contact.fr\/wp-content\/gallery\/proto_yohann\/proto_yohann4.jpg\"\n           data-thumbnail=\"http:\/\/rc-contact.fr\/wp-content\/gallery\/proto_yohann\/thumbs\/thumbs_proto_yohann4.jpg\"\n           data-image-id=\"339\"\n           data-title=\"proto_yohann4\"\n           data-description=\"\"\n           class=\"ngg-fancybox\" rel=\"dc92aa4d4d3f17cde0acf2972af976f9\">\n\n            <img data-image-id='339'\n                 title=\"\"\n                 alt=\"proto_yohann4\"\n                 src=\"http:\/\/rc-contact.fr\/wp-content\/gallery\/proto_yohann\/proto_yohann4.jpg\"\n                 style=\"max-height: 940px;\"\/>\n        <\/a>\n\n        <\/div> \n<div id=\"ngg-image-4\" class=\"ngg-gallery-slideshow-image\" style=\"height:960px\">\n\n        <a href=\"http:\/\/rc-contact.fr\/wp-content\/gallery\/proto_yohann\/proto_yohann5.jpg\"\n           title=\"\"\n           data-src=\"http:\/\/rc-contact.fr\/wp-content\/gallery\/proto_yohann\/proto_yohann5.jpg\"\n           data-thumbnail=\"http:\/\/rc-contact.fr\/wp-content\/gallery\/proto_yohann\/thumbs\/thumbs_proto_yohann5.jpg\"\n           data-image-id=\"340\"\n           data-title=\"proto_yohann5\"\n           data-description=\"\"\n           class=\"ngg-fancybox\" rel=\"dc92aa4d4d3f17cde0acf2972af976f9\">\n\n            <img data-image-id='340'\n                 title=\"\"\n                 alt=\"proto_yohann5\"\n                 src=\"http:\/\/rc-contact.fr\/wp-content\/gallery\/proto_yohann\/proto_yohann5.jpg\"\n                 style=\"max-height: 940px;\"\/>\n        <\/a>\n\n        <\/div> \n<\/div>\n\n\n\n\n\n<\/div>\n<\/div><\/div><\/div><div id=\"panel-6257-0-0-1\" class=\"so-panel widget widget_black-studio-tinymce widget_black_studio_tinymce\" data-index=\"1\" ><div class=\"textwidget\"><p>Un tr\u00e8s beau proto de r\u00e9alisation tr\u00e8s soign\u00e9e qui poss\u00e8de la particularit\u00e9 d'avoir un train arri\u00e8re oscillant afin de garantir une meilleure motricit\u00e9 dans les courbes \u00e0 l'acc\u00e9l\u00e9ration.<\/p>\n<\/div><\/div><div id=\"panel-6257-0-0-2\" class=\"so-panel widget widget_black-studio-tinymce widget_black_studio_tinymce\" data-index=\"2\" ><h3 class=\"widget-title\">Images d\u00e9taill\u00e9es<\/h3><div class=\"textwidget\"><\/div><\/div><div id=\"panel-6257-0-0-3\" class=\"widget_text so-panel widget widget_custom_html panel-last-child\" data-index=\"3\" ><div class=\"widget_text panel-widget-style panel-widget-style-for-6257-0-0-3\" ><div class=\"textwidget custom-html-widget\"><div id=\"pl-4727\" class=\"panel-layout\">\n<div id=\"pg-4727-0\" class=\"panel-grid panel-no-style\">&nbsp;<\/div>\n<div id=\"pg-4727-1\" class=\"panel-grid panel-no-style\" data-style=\"{&quot;background_display&quot;:&quot;tile&quot;,&quot;cell_alignment&quot;:&quot;flex-start&quot;}\">\n<!-- index.php -->\n<div\n\tclass=\"ngg-galleryoverview ngg-ajax-pagination-none\"\n\tid=\"ngg-gallery-40fdddf4cb66433a1699e83c508fbd02-1\">\n\n    \t\t<!-- Thumbnails -->\n\t\t\t\t<div id=\"ngg-image-0\" class=\"ngg-gallery-thumbnail-box\" >\n\t\t\t\t        <div class=\"ngg-gallery-thumbnail\">\n            <a href=\"http:\/\/rc-contact.fr\/wp-content\/gallery\/proto_yohann\/proto_yohann1.jpg\"\n               title=\"\"\n               data-src=\"http:\/\/rc-contact.fr\/wp-content\/gallery\/proto_yohann\/proto_yohann1.jpg\"\n               data-thumbnail=\"http:\/\/rc-contact.fr\/wp-content\/gallery\/proto_yohann\/thumbs\/thumbs_proto_yohann1.jpg\"\n               data-image-id=\"336\"\n               data-title=\"proto_yohann1\"\n               data-description=\"\"\n               data-image-slug=\"proto_yohann1\"\n               class=\"ngg-fancybox\" rel=\"40fdddf4cb66433a1699e83c508fbd02\">\n                <img\n                    title=\"proto_yohann1\"\n                    alt=\"proto_yohann1\"\n                    src=\"http:\/\/rc-contact.fr\/wp-content\/gallery\/proto_yohann\/cache\/proto_yohann1.jpg-nggid03336-ngg0dyn-219x165x100-00f0w010c010r110f110r010t010.jpg\"\n                    width=\"219\"\n                    height=\"165\"\n                    style=\"max-width:100%;\"\n                \/>\n            <\/a>\n        <\/div>\n\t\t\t\t\t\t\t<\/div> \n\t\t\t\n        \n\t\t\t\t<div id=\"ngg-image-1\" class=\"ngg-gallery-thumbnail-box\" >\n\t\t\t\t        <div class=\"ngg-gallery-thumbnail\">\n            <a href=\"http:\/\/rc-contact.fr\/wp-content\/gallery\/proto_yohann\/proto_yohann2.jpg\"\n               title=\"\"\n               data-src=\"http:\/\/rc-contact.fr\/wp-content\/gallery\/proto_yohann\/proto_yohann2.jpg\"\n               data-thumbnail=\"http:\/\/rc-contact.fr\/wp-content\/gallery\/proto_yohann\/thumbs\/thumbs_proto_yohann2.jpg\"\n               data-image-id=\"337\"\n               data-title=\"proto_yohann2\"\n               data-description=\"\"\n               data-image-slug=\"proto_yohann2\"\n               class=\"ngg-fancybox\" rel=\"40fdddf4cb66433a1699e83c508fbd02\">\n                <img\n                    title=\"proto_yohann2\"\n                    alt=\"proto_yohann2\"\n                    src=\"http:\/\/rc-contact.fr\/wp-content\/gallery\/proto_yohann\/cache\/proto_yohann2.jpg-nggid03337-ngg0dyn-219x165x100-00f0w010c010r110f110r010t010.jpg\"\n                    width=\"219\"\n                    height=\"165\"\n                    style=\"max-width:100%;\"\n                \/>\n            <\/a>\n        <\/div>\n\t\t\t\t\t\t\t<\/div> \n\t\t\t\n        \n\t\t\t\t<div id=\"ngg-image-2\" class=\"ngg-gallery-thumbnail-box\" >\n\t\t\t\t        <div class=\"ngg-gallery-thumbnail\">\n            <a href=\"http:\/\/rc-contact.fr\/wp-content\/gallery\/proto_yohann\/proto_yohann3.jpg\"\n               title=\"\"\n               data-src=\"http:\/\/rc-contact.fr\/wp-content\/gallery\/proto_yohann\/proto_yohann3.jpg\"\n               data-thumbnail=\"http:\/\/rc-contact.fr\/wp-content\/gallery\/proto_yohann\/thumbs\/thumbs_proto_yohann3.jpg\"\n               data-image-id=\"338\"\n               data-title=\"proto_yohann3\"\n               data-description=\"\"\n               data-image-slug=\"proto_yohann3\"\n               class=\"ngg-fancybox\" rel=\"40fdddf4cb66433a1699e83c508fbd02\">\n                <img\n                    title=\"proto_yohann3\"\n                    alt=\"proto_yohann3\"\n                    src=\"http:\/\/rc-contact.fr\/wp-content\/gallery\/proto_yohann\/cache\/proto_yohann3.jpg-nggid03338-ngg0dyn-219x165x100-00f0w010c010r110f110r010t010.jpg\"\n                    width=\"219\"\n                    height=\"165\"\n                    style=\"max-width:100%;\"\n                \/>\n            <\/a>\n        <\/div>\n\t\t\t\t\t\t\t<\/div> \n\t\t\t\n        \n\t\t\t\t<div id=\"ngg-image-3\" class=\"ngg-gallery-thumbnail-box\" >\n\t\t\t\t        <div class=\"ngg-gallery-thumbnail\">\n            <a href=\"http:\/\/rc-contact.fr\/wp-content\/gallery\/proto_yohann\/proto_yohann4.jpg\"\n               title=\"\"\n               data-src=\"http:\/\/rc-contact.fr\/wp-content\/gallery\/proto_yohann\/proto_yohann4.jpg\"\n               data-thumbnail=\"http:\/\/rc-contact.fr\/wp-content\/gallery\/proto_yohann\/thumbs\/thumbs_proto_yohann4.jpg\"\n               data-image-id=\"339\"\n               data-title=\"proto_yohann4\"\n               data-description=\"\"\n               data-image-slug=\"proto_yohann4\"\n               class=\"ngg-fancybox\" rel=\"40fdddf4cb66433a1699e83c508fbd02\">\n                <img\n                    title=\"proto_yohann4\"\n                    alt=\"proto_yohann4\"\n                    src=\"http:\/\/rc-contact.fr\/wp-content\/gallery\/proto_yohann\/cache\/proto_yohann4.jpg-nggid03339-ngg0dyn-219x165x100-00f0w010c010r110f110r010t010.jpg\"\n                    width=\"219\"\n                    height=\"165\"\n                    style=\"max-width:100%;\"\n                \/>\n            <\/a>\n        <\/div>\n\t\t\t\t\t\t\t<\/div> \n\t\t\t\n        \n\t\t\t\t<div id=\"ngg-image-4\" class=\"ngg-gallery-thumbnail-box\" >\n\t\t\t\t        <div class=\"ngg-gallery-thumbnail\">\n            <a href=\"http:\/\/rc-contact.fr\/wp-content\/gallery\/proto_yohann\/proto_yohann5.jpg\"\n               title=\"\"\n               data-src=\"http:\/\/rc-contact.fr\/wp-content\/gallery\/proto_yohann\/proto_yohann5.jpg\"\n               data-thumbnail=\"http:\/\/rc-contact.fr\/wp-content\/gallery\/proto_yohann\/thumbs\/thumbs_proto_yohann5.jpg\"\n               data-image-id=\"340\"\n               data-title=\"proto_yohann5\"\n               data-description=\"\"\n               data-image-slug=\"proto_yohann5\"\n               class=\"ngg-fancybox\" rel=\"40fdddf4cb66433a1699e83c508fbd02\">\n                <img\n                    title=\"proto_yohann5\"\n                    alt=\"proto_yohann5\"\n                    src=\"http:\/\/rc-contact.fr\/wp-content\/gallery\/proto_yohann\/cache\/proto_yohann5.jpg-nggid03340-ngg0dyn-219x165x100-00f0w010c010r110f110r010t010.jpg\"\n                    width=\"219\"\n                    height=\"165\"\n                    style=\"max-width:100%;\"\n                \/>\n            <\/a>\n        <\/div>\n\t\t\t\t\t\t\t<\/div> \n\t\t\t\n        \n\t\t\n\t\t<!-- Pagination -->\n\t<div class='ngg-clear'><\/div>\t<\/div>\n\n<\/div>\n<\/div><\/div><\/div><\/div><\/div><\/div><\/div>","protected":false},"excerpt":{"rendered":"<p>Un tr\u00e8s beau proto de r\u00e9alisation tr\u00e8s soign\u00e9e qui poss\u00e8de la particularit\u00e9 d&rsquo;avoir un train arri\u00e8re oscillant afin de garantir [&hellip;]<\/p>\n","protected":false},"author":1,"featured_media":0,"parent":0,"menu_order":0,"comment_status":"closed","ping_status":"closed","template":"","meta":{"ngg_post_thumbnail":0},"_links":{"self":[{"href":"http:\/\/rc-contact.fr\/index.php?rest_route=\/wp\/v2\/pages\/6257"}],"collection":[{"href":"http:\/\/rc-contact.fr\/index.php?rest_route=\/wp\/v2\/pages"}],"about":[{"href":"http:\/\/rc-contact.fr\/index.php?rest_route=\/wp\/v2\/types\/page"}],"author":[{"embeddable":true,"href":"http:\/\/rc-contact.fr\/index.php?rest_route=\/wp\/v2\/users\/1"}],"replies":[{"embeddable":true,"href":"http:\/\/rc-contact.fr\/index.php?rest_route=%2Fwp%2Fv2%2Fcomments&post=6257"}],"version-history":[{"count":5,"href":"http:\/\/rc-contact.fr\/index.php?rest_route=\/wp\/v2\/pages\/6257\/revisions"}],"predecessor-version":[{"id":6273,"href":"http:\/\/rc-contact.fr\/index.php?rest_route=\/wp\/v2\/pages\/6257\/revisions\/6273"}],"wp:attachment":[{"href":"http:\/\/rc-contact.fr\/index.php?rest_route=%2Fwp%2Fv2%2Fmedia&parent=6257"}],"curies":[{"name":"wp","href":"https:\/\/api.w.org\/{rel}","templated":true}]}}