{"id":1977,"date":"2017-08-09T08:30:56","date_gmt":"2017-08-09T08:30:56","guid":{"rendered":"http:\/\/rc-contact.fr\/?page_id=1977"},"modified":"2017-10-17T15:03:13","modified_gmt":"2017-10-17T15:03:13","slug":"documentsarchives","status":"publish","type":"page","link":"http:\/\/rc-contact.fr\/?page_id=1977","title":{"rendered":"Archives"},"content":{"rendered":"<div id=\"pl-1977\"  class=\"panel-layout\" ><div id=\"pg-1977-0\"  class=\"panel-grid panel-no-style\" ><div id=\"pgc-1977-0-0\"  class=\"panel-grid-cell\" ><div id=\"panel-1977-0-0-0\" class=\"so-panel widget widget_themegrill_flash_service tg-widget tg-single-service panel-first-child panel-last-child\" data-index=\"0\" ><div class=\"panel-widget-style panel-widget-style-for-1977-0-0-0\" >\n<div class=\"tg-service-widget tg-service-layout-1\">\n\t<div class=\"service-wrapper\">\n\t\t<div class=\"service-icon-title-wrapper clearfix\">\n\t\t\t\t\t\t\t\t\t<figure class=\"service-image-wrap\"><img src=\"http:\/\/rc-contact.fr\/wp-content\/uploads\/2017\/08\/docs_rc-e1502186111445.jpg\" \/><\/figure>\n\t\t\t\t\t\t\t\t\t<h3 class=\"service-title-wrap\">\n\t\t\t\t\t\t\t\t<a href=\"http:\/\/rc-contact.fr\/?page_id=2084\">\n\t\t\t\tDocuments d&#039;archives\t\t\t\t\t\t\t\t<\/a>\n\t\t\t\t\t\t\t<\/h3>\n\t\t\t\t\t<\/div>\n\t\t\t\t<div class=\"service-content-wrap\">Documents, photos, concernant les voitures R\/C....<\/div>\n\t\t\t\t\t\t<a class=\"service-more\" href=\"http:\/\/rc-contact.fr\/?page_id=2084\">Lire la suite<\/a>\n\t\t\t<\/div>\n<\/div>\n<\/div><\/div><\/div><div id=\"pgc-1977-0-1\"  class=\"panel-grid-cell\" ><div id=\"panel-1977-0-1-0\" class=\"so-panel widget widget_themegrill_flash_service tg-widget tg-single-service panel-first-child panel-last-child\" data-index=\"1\" ><div class=\"panel-widget-style panel-widget-style-for-1977-0-1-0\" >\n<div class=\"tg-service-widget tg-service-layout-1\">\n\t<div class=\"service-wrapper\">\n\t\t<div class=\"service-icon-title-wrapper clearfix\">\n\t\t\t\t\t\t\t\t\t<figure class=\"service-image-wrap\"><img src=\"http:\/\/rc-contact.fr\/wp-content\/uploads\/2017\/08\/archives-_presse-e1502186076346.jpg\" \/><\/figure>\n\t\t\t\t\t\t\t\t\t<h3 class=\"service-title-wrap\">\n\t\t\t\t\t\t\t\t<a href=\"http:\/\/rc-contact.fr\/?page_id=2070\">\n\t\t\t\tRevues sp\u00e9cialis\u00e9es\t\t\t\t\t\t\t\t<\/a>\n\t\t\t\t\t\t\t<\/h3>\n\t\t\t\t\t<\/div>\n\t\t\t\t<div class=\"service-content-wrap\">Base de donn\u00e9es d'archives de revues sp\u00e9cialis\u00e9e ....<\/div>\n\t\t\t\t\t\t<a class=\"service-more\" href=\"http:\/\/rc-contact.fr\/?page_id=2070\">Lire la suite<\/a>\n\t\t\t<\/div>\n<\/div>\n<\/div><\/div><\/div><\/div><\/div>","protected":false},"excerpt":{"rendered":"<p>Documents d&#039;archives Documents, photos, concernant les voitures R\/C&#8230;. Lire la suite Revues sp\u00e9cialis\u00e9es Base de donn\u00e9es d&rsquo;archives de revues sp\u00e9cialis\u00e9e [&hellip;]<\/p>\n","protected":false},"author":1,"featured_media":0,"parent":0,"menu_order":0,"comment_status":"closed","ping_status":"closed","template":"page-templates\/full-width.php","meta":{"ngg_post_thumbnail":0},"_links":{"self":[{"href":"http:\/\/rc-contact.fr\/index.php?rest_route=\/wp\/v2\/pages\/1977"}],"collection":[{"href":"http:\/\/rc-contact.fr\/index.php?rest_route=\/wp\/v2\/pages"}],"about":[{"href":"http:\/\/rc-contact.fr\/index.php?rest_route=\/wp\/v2\/types\/page"}],"author":[{"embeddable":true,"href":"http:\/\/rc-contact.fr\/index.php?rest_route=\/wp\/v2\/users\/1"}],"replies":[{"embeddable":true,"href":"http:\/\/rc-contact.fr\/index.php?rest_route=%2Fwp%2Fv2%2Fcomments&post=1977"}],"version-history":[{"count":41,"href":"http:\/\/rc-contact.fr\/index.php?rest_route=\/wp\/v2\/pages\/1977\/revisions"}],"predecessor-version":[{"id":12499,"href":"http:\/\/rc-contact.fr\/index.php?rest_route=\/wp\/v2\/pages\/1977\/revisions\/12499"}],"wp:attachment":[{"href":"http:\/\/rc-contact.fr\/index.php?rest_route=%2Fwp%2Fv2%2Fmedia&parent=1977"}],"curies":[{"name":"wp","href":"https:\/\/api.w.org\/{rel}","templated":true}]}}